{"id":4635,"date":"2025-05-19T08:29:48","date_gmt":"2025-05-19T06:29:48","guid":{"rendered":"https:\/\/opole.pttk.pl\/?page_id=4635"},"modified":"2026-04-09T13:08:12","modified_gmt":"2026-04-09T11:08:12","slug":"pracownia-krajoznawcza","status":"publish","type":"page","link":"https:\/\/opole.pttk.pl\/index.php\/pracownia-krajoznawcza\/","title":{"rendered":"Pracownia Krajoznawcza"},"content":{"rendered":"<p style=\"text-align: center;\"><strong>Kierownik &#8211; Patryk Frydel<\/strong><\/p>\n<p style=\"text-align: center;\">Wsp\u00f3\u0142pracownicy &#8211; Jacek Ramus, Jaros\u0142aw Sr\u0119bacz<\/p>\n\n\n<figure class=\"wp-block-gallery has-nested-images columns-default is-cropped wp-block-gallery-1 is-layout-flex wp-block-gallery-is-layout-flex\">\n<figure class=\"wp-block-image size-large\"><img loading=\"lazy\" decoding=\"async\" width=\"1024\" height=\"768\" data-id=\"6171\" src=\"https:\/\/opole.pttk.pl\/wp-content\/uploads\/2026\/04\/pracownia3.jpg\" alt=\"\" class=\"wp-image-6171\" srcset=\"https:\/\/opole.pttk.pl\/wp-content\/uploads\/2026\/04\/pracownia3.jpg 1024w, https:\/\/opole.pttk.pl\/wp-content\/uploads\/2026\/04\/pracownia3-300x225.jpg 300w, https:\/\/opole.pttk.pl\/wp-content\/uploads\/2026\/04\/pracownia3-768x576.jpg 768w\" sizes=\"auto, (max-width: 1024px) 100vw, 1024px\" \/><\/figure>\n\n\n\n<figure class=\"wp-block-image size-large\"><img loading=\"lazy\" decoding=\"async\" width=\"1024\" height=\"768\" data-id=\"6172\" src=\"https:\/\/opole.pttk.pl\/wp-content\/uploads\/2026\/04\/pracownia2.jpg\" alt=\"\" class=\"wp-image-6172\" srcset=\"https:\/\/opole.pttk.pl\/wp-content\/uploads\/2026\/04\/pracownia2.jpg 1024w, https:\/\/opole.pttk.pl\/wp-content\/uploads\/2026\/04\/pracownia2-300x225.jpg 300w, https:\/\/opole.pttk.pl\/wp-content\/uploads\/2026\/04\/pracownia2-768x576.jpg 768w\" sizes=\"auto, (max-width: 1024px) 100vw, 1024px\" \/><\/figure>\n\n\n\n<figure class=\"wp-block-image size-large\"><img loading=\"lazy\" decoding=\"async\" width=\"1024\" height=\"768\" data-id=\"6173\" src=\"https:\/\/opole.pttk.pl\/wp-content\/uploads\/2026\/04\/pracownia1.jpg\" alt=\"\" class=\"wp-image-6173\" srcset=\"https:\/\/opole.pttk.pl\/wp-content\/uploads\/2026\/04\/pracownia1.jpg 1024w, https:\/\/opole.pttk.pl\/wp-content\/uploads\/2026\/04\/pracownia1-300x225.jpg 300w, https:\/\/opole.pttk.pl\/wp-content\/uploads\/2026\/04\/pracownia1-768x576.jpg 768w\" sizes=\"auto, (max-width: 1024px) 100vw, 1024px\" \/><\/figure>\n<\/figure>\n\n\n\n<p><\/p>\n","protected":false},"excerpt":{"rendered":"<p>Kierownik &#8211; Patryk Frydel Wsp\u00f3\u0142pracownicy &#8211; Jacek Ramus, Jaros\u0142aw Sr\u0119bacz<\/p>\n","protected":false},"author":1,"featured_media":0,"parent":0,"menu_order":0,"comment_status":"closed","ping_status":"closed","template":"","meta":{"footnotes":""},"class_list":["post-4635","page","type-page","status-publish","hentry"],"_links":{"self":[{"href":"https:\/\/opole.pttk.pl\/index.php\/wp-json\/wp\/v2\/pages\/4635","targetHints":{"allow":["GET"]}}],"collection":[{"href":"https:\/\/opole.pttk.pl\/index.php\/wp-json\/wp\/v2\/pages"}],"about":[{"href":"https:\/\/opole.pttk.pl\/index.php\/wp-json\/wp\/v2\/types\/page"}],"author":[{"embeddable":true,"href":"https:\/\/opole.pttk.pl\/index.php\/wp-json\/wp\/v2\/users\/1"}],"replies":[{"embeddable":true,"href":"https:\/\/opole.pttk.pl\/index.php\/wp-json\/wp\/v2\/comments?post=4635"}],"version-history":[{"count":8,"href":"https:\/\/opole.pttk.pl\/index.php\/wp-json\/wp\/v2\/pages\/4635\/revisions"}],"predecessor-version":[{"id":6184,"href":"https:\/\/opole.pttk.pl\/index.php\/wp-json\/wp\/v2\/pages\/4635\/revisions\/6184"}],"wp:attachment":[{"href":"https:\/\/opole.pttk.pl\/index.php\/wp-json\/wp\/v2\/media?parent=4635"}],"curies":[{"name":"wp","href":"https:\/\/api.w.org\/{rel}","templated":true}]}}

<p style="text-align: center;"><strong>Kierownik &#8211; Patryk Frydel</strong></p>
<p style="text-align: center;">Współpracownicy &#8211; Jacek Ramus, Jarosław Srębacz</p>


<figure class="wp-block-gallery has-nested-images columns-default is-cropped wp-block-gallery-1 is-layout-flex wp-block-gallery-is-layout-flex">
<figure class="wp-block-image size-large"><img loading="lazy" decoding="async" width="1024" height="768" data-id="6171" src="https://opole.pttk.pl/wp-content/uploads/2026/04/pracownia3.jpg" alt="" class="wp-image-6171" srcset="https://opole.pttk.pl/wp-content/uploads/2026/04/pracownia3.jpg 1024w, https://opole.pttk.pl/wp-content/uploads/2026/04/pracownia3-300x225.jpg 300w, https://opole.pttk.pl/wp-content/uploads/2026/04/pracownia3-768x576.jpg 768w" sizes="auto, (max-width: 1024px) 100vw, 1024px" /></figure>



<figure class="wp-block-image size-large"><img loading="lazy" decoding="async" width="1024" height="768" data-id="6172" src="https://opole.pttk.pl/wp-content/uploads/2026/04/pracownia2.jpg" alt="" class="wp-image-6172" srcset="https://opole.pttk.pl/wp-content/uploads/2026/04/pracownia2.jpg 1024w, https://opole.pttk.pl/wp-content/uploads/2026/04/pracownia2-300x225.jpg 300w, https://opole.pttk.pl/wp-content/uploads/2026/04/pracownia2-768x576.jpg 768w" sizes="auto, (max-width: 1024px) 100vw, 1024px" /></figure>



<figure class="wp-block-image size-large"><img loading="lazy" decoding="async" width="1024" height="768" data-id="6173" src="https://opole.pttk.pl/wp-content/uploads/2026/04/pracownia1.jpg" alt="" class="wp-image-6173" srcset="https://opole.pttk.pl/wp-content/uploads/2026/04/pracownia1.jpg 1024w, https://opole.pttk.pl/wp-content/uploads/2026/04/pracownia1-300x225.jpg 300w, https://opole.pttk.pl/wp-content/uploads/2026/04/pracownia1-768x576.jpg 768w" sizes="auto, (max-width: 1024px) 100vw, 1024px" /></figure>
</figure>



<p></p>

<p>Kierownik &#8211; Patryk Frydel Współpracownicy &#8211; Jacek Ramus, Jarosław Srębacz</p>
