{"id":5988,"date":"2026-02-11T07:19:21","date_gmt":"2026-02-11T06:19:21","guid":{"rendered":"https:\/\/opole.pttk.pl\/?page_id=5988"},"modified":"2026-02-11T07:29:47","modified_gmt":"2026-02-11T06:29:47","slug":"sklad-oddzialowej-komisji-krajoznawczej","status":"publish","type":"page","link":"https:\/\/opole.pttk.pl\/index.php\/sklad-oddzialowej-komisji-krajoznawczej\/","title":{"rendered":"Sk\u0142ad Oddzia\u0142owej Komisji Krajoznawczej"},"content":{"rendered":"<p style=\"text-align: center;\"><strong>Przewodnicz\u0105cy &#8211; Jacek Ramus<\/strong><\/p>\n<p style=\"text-align: center;\">Sekretarz &#8211; Teresa Noco\u0144-Hadasz<\/p>\n<p style=\"text-align: center;\">Cz\u0142onek Zarz\u0105du &#8211; Izabela Ramus<\/p>\n<p style=\"text-align: center;\">Cz\u0142onek Zarz\u0105du &#8211; Patryk Frydel<\/p>\n<p style=\"text-align: center;\">Cz\u0142onek Zarz\u0105du &#8211; Jaros\u0142aw Sr\u0119bacz<\/p>\n<h5 style=\"text-align: right;\">17.04.2022 r.<\/h5>\n","protected":false},"excerpt":{"rendered":"<p>Przewodnicz\u0105cy &#8211; Jacek Ramus Sekretarz &#8211; Teresa Noco\u0144-Hadasz Cz\u0142onek Zarz\u0105du &#8211; Izabela Ramus Cz\u0142onek Zarz\u0105du &#8211; Patryk Frydel Cz\u0142onek Zarz\u0105du &#8211; Jaros\u0142aw Sr\u0119bacz 17.04.2022 r.<\/p>\n","protected":false},"author":1,"featured_media":0,"parent":0,"menu_order":0,"comment_status":"closed","ping_status":"closed","template":"","meta":{"footnotes":""},"class_list":["post-5988","page","type-page","status-publish","hentry"],"_links":{"self":[{"href":"https:\/\/opole.pttk.pl\/index.php\/wp-json\/wp\/v2\/pages\/5988","targetHints":{"allow":["GET"]}}],"collection":[{"href":"https:\/\/opole.pttk.pl\/index.php\/wp-json\/wp\/v2\/pages"}],"about":[{"href":"https:\/\/opole.pttk.pl\/index.php\/wp-json\/wp\/v2\/types\/page"}],"author":[{"embeddable":true,"href":"https:\/\/opole.pttk.pl\/index.php\/wp-json\/wp\/v2\/users\/1"}],"replies":[{"embeddable":true,"href":"https:\/\/opole.pttk.pl\/index.php\/wp-json\/wp\/v2\/comments?post=5988"}],"version-history":[{"count":3,"href":"https:\/\/opole.pttk.pl\/index.php\/wp-json\/wp\/v2\/pages\/5988\/revisions"}],"predecessor-version":[{"id":5992,"href":"https:\/\/opole.pttk.pl\/index.php\/wp-json\/wp\/v2\/pages\/5988\/revisions\/5992"}],"wp:attachment":[{"href":"https:\/\/opole.pttk.pl\/index.php\/wp-json\/wp\/v2\/media?parent=5988"}],"curies":[{"name":"wp","href":"https:\/\/api.w.org\/{rel}","templated":true}]}}

Skład Oddziałowej Komisji Krajoznawczej

<p style="text-align: center;"><strong>Przewodniczący &#8211; Jacek Ramus</strong></p>
<p style="text-align: center;">Sekretarz &#8211; Teresa Nocoń-Hadasz</p>
<p style="text-align: center;">Członek Zarządu &#8211; Izabela Ramus</p>
<p style="text-align: center;">Członek Zarządu &#8211; Patryk Frydel</p>
<p style="text-align: center;">Członek Zarządu &#8211; Jarosław Srębacz</p>
<h5 style="text-align: right;">17.04.2022 r.</h5>

<p>Przewodniczący &#8211; Jacek Ramus Sekretarz &#8211; Teresa Nocoń-Hadasz Członek Zarządu &#8211; Izabela Ramus Członek Zarządu &#8211; Patryk Frydel Członek Zarządu &#8211; Jarosław Srębacz 17.04.2022 r.</p>
