{"id":833,"date":"2024-09-03T09:11:55","date_gmt":"2024-09-03T07:11:55","guid":{"rendered":"https:\/\/opole.pttk.pl\/?page_id=833"},"modified":"2025-09-02T13:49:19","modified_gmt":"2025-09-02T11:49:19","slug":"imprezy-2","status":"publish","type":"page","link":"https:\/\/opole.pttk.pl\/index.php\/imprezy-2\/","title":{"rendered":"Imprezy"},"content":{"rendered":"\n<figure class=\"wp-block-table is-style-regular\"><table><tbody><tr><td class=\"has-text-align-center\" data-align=\"center\"><strong>Data<\/strong><\/td><td><strong>Impreza<\/strong><\/td><\/tr><tr><td class=\"has-text-align-center\" data-align=\"center\">15.2.2025<\/td><td><a href=\"https:\/\/opole.pttk.pl\/index.php\/2025\/01\/09\/rajd-walentynkowy\/\">Rajd Walentynkowy<\/a><\/td><\/tr><tr><td class=\"has-text-align-center\" data-align=\"center\">8.3.2025<\/td><td><a href=\"https:\/\/opole.pttk.pl\/index.php\/2025\/01\/16\/rajd-szlakiem-znanych-kobiet\/\">Rajd szlakiem znanych kobiet<\/a><\/td><\/tr><tr><td class=\"has-text-align-center\" data-align=\"center\">22.3.2025<\/td><td><a href=\"https:\/\/opole.pttk.pl\/index.php\/2025\/01\/16\/powitanie-wiosny-z-trampem\/\">Powitanie wiosny z Trampem<\/a><\/td><\/tr><tr><td class=\"has-text-align-center\" data-align=\"center\">5.4.2025<\/td><td><a href=\"https:\/\/opole.pttk.pl\/index.php\/2025\/02\/24\/nysa\/\">Nysa<\/a><\/td><\/tr><tr><td class=\"has-text-align-center\" data-align=\"center\">1-4.5.2025<\/td><td><a href=\"https:\/\/opole.pttk.pl\/index.php\/2025\/02\/05\/poznan-z-trampem\/\">Pozna\u0144 i nie tylko<\/a><\/td><\/tr><tr><td class=\"has-text-align-center\" data-align=\"center\">24.5.2025<\/td><td><a href=\"https:\/\/opole.pttk.pl\/index.php\/2025\/02\/05\/kobyla-gora\/\">Kobyla G\u00f3ra<\/a><\/td><\/tr><tr><td class=\"has-text-align-center\" data-align=\"center\">31.5.2025<\/td><td><a href=\"https:\/\/opole.pttk.pl\/index.php\/2025\/02\/24\/klimczok\/\">Klimczok<\/a><\/td><\/tr><tr><td class=\"has-text-align-center\" data-align=\"center\">7.6.2025<\/td><td><a href=\"https:\/\/opole.pttk.pl\/index.php\/2025\/04\/10\/broumovske-steny\/\">Broumovske steny<\/a><\/td><\/tr><tr><td class=\"has-text-align-center\" data-align=\"center\">19-22.6.2025<\/td><td><a href=\"https:\/\/opole.pttk.pl\/index.php\/2025\/02\/24\/3843\/\">Beskid \u017bywiecki<\/a><\/td><\/tr><tr><td class=\"has-text-align-center\" data-align=\"center\">28.6.2025<\/td><td><a href=\"https:\/\/opole.pttk.pl\/index.php\/2025\/04\/10\/kajakiem-i-pieszo-z-trampem\/\">Kajakiem i pieszo<\/a><\/td><\/tr><tr><td class=\"has-text-align-center\" data-align=\"center\">30.8.2025<\/td><td><a href=\"https:\/\/opole.pttk.pl\/index.php\/2025\/07\/04\/beskid-slasko-morawski\/\">Beskid \u015al\u0105sko-Morawski<\/a><\/td><\/tr><tr><td class=\"has-text-align-center\" data-align=\"center\">13.9.2025<\/td><td><a href=\"https:\/\/opole.pttk.pl\/index.php\/2025\/07\/04\/wzgorza-wlodzickie\/\">Wzg\u00f3rza W\u0142odzickie<\/a><\/td><\/tr><tr><td class=\"has-text-align-center\" data-align=\"center\">16-21.9.2025<\/td><td>IX Bieszczadzkie w\u0119dr\u00f3wki z Trampem<\/td><\/tr><tr><td class=\"has-text-align-center\" data-align=\"center\">27-28.9.2025<\/td><td>Kuks, Hradec Kralove, Pardubice, Nachod<\/td><\/tr><tr><td class=\"has-text-align-center\" data-align=\"center\">11.10.2025<\/td><td>Dlimilova Rozhledna<\/td><\/tr><tr><td class=\"has-text-align-center\" data-align=\"center\">11-12.10.2025<\/td><td><a href=\"https:\/\/opole.pttk.pl\/index.php\/2025\/09\/02\/czechy-z-kt-tramp\/\">Czechy<\/a><\/td><\/tr><tr><td class=\"has-text-align-center\" data-align=\"center\">18.10.2025<\/td><td>Dzikowiec<\/td><\/tr><tr><td class=\"has-text-align-center\" data-align=\"center\">8-9.11.2025<\/td><td>Rajd Bia\u0142o-Czerwony<\/td><\/tr><tr><td class=\"has-text-align-center\" data-align=\"center\">29-30.11.2025<\/td><td>Rajd Andrzejkowy<\/td><\/tr><\/tbody><\/table><\/figure>\n","protected":false},"excerpt":{"rendered":"<p>Data Impreza 15.2.2025 Rajd Walentynkowy 8.3.2025 Rajd szlakiem znanych kobiet 22.3.2025 Powitanie wiosny z Trampem 5.4.2025 Nysa 1-4.5.2025 Pozna\u0144 i nie tylko 24.5.2025 Kobyla G\u00f3ra 31.5.2025 Klimczok 7.6.2025 Broumovske steny 19-22.6.2025 Beskid \u017bywiecki 28.6.2025 Kajakiem i pieszo 30.8.2025 Beskid \u015al\u0105sko-Morawski 13.9.2025 Wzg\u00f3rza W\u0142odzickie 16-21.9.2025 IX Bieszczadzkie w\u0119dr\u00f3wki z Trampem 27-28.9.2025 Kuks, Hradec Kralove, Pardubice, Nachod [&hellip;]<\/p>\n","protected":false},"author":1,"featured_media":0,"parent":0,"menu_order":0,"comment_status":"closed","ping_status":"closed","template":"","meta":{"footnotes":""},"class_list":["post-833","page","type-page","status-publish","hentry"],"_links":{"self":[{"href":"https:\/\/opole.pttk.pl\/index.php\/wp-json\/wp\/v2\/pages\/833","targetHints":{"allow":["GET"]}}],"collection":[{"href":"https:\/\/opole.pttk.pl\/index.php\/wp-json\/wp\/v2\/pages"}],"about":[{"href":"https:\/\/opole.pttk.pl\/index.php\/wp-json\/wp\/v2\/types\/page"}],"author":[{"embeddable":true,"href":"https:\/\/opole.pttk.pl\/index.php\/wp-json\/wp\/v2\/users\/1"}],"replies":[{"embeddable":true,"href":"https:\/\/opole.pttk.pl\/index.php\/wp-json\/wp\/v2\/comments?post=833"}],"version-history":[{"count":37,"href":"https:\/\/opole.pttk.pl\/index.php\/wp-json\/wp\/v2\/pages\/833\/revisions"}],"predecessor-version":[{"id":5341,"href":"https:\/\/opole.pttk.pl\/index.php\/wp-json\/wp\/v2\/pages\/833\/revisions\/5341"}],"wp:attachment":[{"href":"https:\/\/opole.pttk.pl\/index.php\/wp-json\/wp\/v2\/media?parent=833"}],"curies":[{"name":"wp","href":"https:\/\/api.w.org\/{rel}","templated":true}]}}

<figure class="wp-block-table is-style-regular"><table><tbody><tr><td class="has-text-align-center" data-align="center"><strong>Data</strong></td><td><strong>Impreza</strong></td></tr><tr><td class="has-text-align-center" data-align="center">15.2.2025</td><td><a href="https://opole.pttk.pl/index.php/2025/01/09/rajd-walentynkowy/">Rajd Walentynkowy</a></td></tr><tr><td class="has-text-align-center" data-align="center">8.3.2025</td><td><a href="https://opole.pttk.pl/index.php/2025/01/16/rajd-szlakiem-znanych-kobiet/">Rajd szlakiem znanych kobiet</a></td></tr><tr><td class="has-text-align-center" data-align="center">22.3.2025</td><td><a href="https://opole.pttk.pl/index.php/2025/01/16/powitanie-wiosny-z-trampem/">Powitanie wiosny z Trampem</a></td></tr><tr><td class="has-text-align-center" data-align="center">5.4.2025</td><td><a href="https://opole.pttk.pl/index.php/2025/02/24/nysa/">Nysa</a></td></tr><tr><td class="has-text-align-center" data-align="center">1-4.5.2025</td><td><a href="https://opole.pttk.pl/index.php/2025/02/05/poznan-z-trampem/">Poznań i nie tylko</a></td></tr><tr><td class="has-text-align-center" data-align="center">24.5.2025</td><td><a href="https://opole.pttk.pl/index.php/2025/02/05/kobyla-gora/">Kobyla Góra</a></td></tr><tr><td class="has-text-align-center" data-align="center">31.5.2025</td><td><a href="https://opole.pttk.pl/index.php/2025/02/24/klimczok/">Klimczok</a></td></tr><tr><td class="has-text-align-center" data-align="center">7.6.2025</td><td><a href="https://opole.pttk.pl/index.php/2025/04/10/broumovske-steny/">Broumovske steny</a></td></tr><tr><td class="has-text-align-center" data-align="center">19-22.6.2025</td><td><a href="https://opole.pttk.pl/index.php/2025/02/24/3843/">Beskid Żywiecki</a></td></tr><tr><td class="has-text-align-center" data-align="center">28.6.2025</td><td><a href="https://opole.pttk.pl/index.php/2025/04/10/kajakiem-i-pieszo-z-trampem/">Kajakiem i pieszo</a></td></tr><tr><td class="has-text-align-center" data-align="center">30.8.2025</td><td><a href="https://opole.pttk.pl/index.php/2025/07/04/beskid-slasko-morawski/">Beskid Śląsko-Morawski</a></td></tr><tr><td class="has-text-align-center" data-align="center">13.9.2025</td><td><a href="https://opole.pttk.pl/index.php/2025/07/04/wzgorza-wlodzickie/">Wzgórza Włodzickie</a></td></tr><tr><td class="has-text-align-center" data-align="center">16-21.9.2025</td><td>IX Bieszczadzkie wędrówki z Trampem</td></tr><tr><td class="has-text-align-center" data-align="center">27-28.9.2025</td><td>Kuks, Hradec Kralove, Pardubice, Nachod</td></tr><tr><td class="has-text-align-center" data-align="center">11.10.2025</td><td>Dlimilova Rozhledna</td></tr><tr><td class="has-text-align-center" data-align="center">11-12.10.2025</td><td><a href="https://opole.pttk.pl/index.php/2025/09/02/czechy-z-kt-tramp/">Czechy</a></td></tr><tr><td class="has-text-align-center" data-align="center">18.10.2025</td><td>Dzikowiec</td></tr><tr><td class="has-text-align-center" data-align="center">8-9.11.2025</td><td>Rajd Biało-Czerwony</td></tr><tr><td class="has-text-align-center" data-align="center">29-30.11.2025</td><td>Rajd Andrzejkowy</td></tr></tbody></table></figure>

<p>Data Impreza 15.2.2025 Rajd Walentynkowy 8.3.2025 Rajd szlakiem znanych kobiet 22.3.2025 Powitanie wiosny z Trampem 5.4.2025 Nysa 1-4.5.2025 Poznań i nie tylko 24.5.2025 Kobyla Góra 31.5.2025 Klimczok 7.6.2025 Broumovske steny 19-22.6.2025 Beskid Żywiecki 28.6.2025 Kajakiem i pieszo 30.8.2025 Beskid Śląsko-Morawski 13.9.2025 Wzgórza Włodzickie 16-21.9.2025 IX Bieszczadzkie wędrówki z Trampem 27-28.9.2025 Kuks, Hradec Kralove, Pardubice, Nachod [&hellip;]</p>
