{"id":967,"date":"2024-09-11T11:21:07","date_gmt":"2024-09-11T09:21:07","guid":{"rendered":"https:\/\/opole.pttk.pl\/?page_id=967"},"modified":"2025-06-30T14:36:07","modified_gmt":"2025-06-30T12:36:07","slug":"wykaz-przodownikow-turystyki-kolarskiej-or-pttk-so","status":"publish","type":"page","link":"https:\/\/opole.pttk.pl\/index.php\/wykaz-przodownikow-turystyki-kolarskiej-or-pttk-so\/","title":{"rendered":"Wykaz Przodownik\u00f3w Turystyki Kolarskiej OR PTTK \u015aO"},"content":{"rendered":"\n<div class=\"wp-block-buttons is-content-justification-center is-layout-flex wp-container-core-buttons-is-layout-a89b3969 wp-block-buttons-is-layout-flex\">\n<div class=\"wp-block-button is-style-outline is-style-outline--1\"><a class=\"wp-block-button__link wp-element-button\" href=\"https:\/\/opole.pttk.pl\/wp-content\/uploads\/2025\/06\/Ankieta-Przodownika-Turystyki-Kolarskiej-PTTK_2.doc\"><mark style=\"background-color:rgba(0, 0, 0, 0)\" class=\"has-inline-color has-vivid-cyan-blue-color\">Ankieta PTKol &#8211; pobierz<\/mark><\/a><\/div>\n<\/div>\n\n\n\n<div style=\"height:40px\" aria-hidden=\"true\" class=\"wp-block-spacer\"><\/div>\n\n\n\n<figure class=\"wp-block-table\"><table><tbody><tr><td><strong>Nazwisko<\/strong><\/td><td><strong>Imi\u0119<\/strong><\/td><td class=\"has-text-align-center\" data-align=\"center\"><strong>Numer uprawnie\u0144<\/strong><\/td><\/tr><tr><td>Bilik<\/td><td>Lucjusz<\/td><td class=\"has-text-align-center\" data-align=\"center\">3900<\/td><\/tr><tr><td>Nagoda<\/td><td>Mariola<\/td><td class=\"has-text-align-center\" data-align=\"center\">7518<\/td><\/tr><tr><td>Sr\u0119bacz<\/td><td>Jaros\u0142aw Mateusz<\/td><td class=\"has-text-align-center\" data-align=\"center\">7605<\/td><\/tr><\/tbody><\/table><\/figure>\n\n\n\n<div class=\"wp-block-file\"><a id=\"wp-block-file--media-1a8d2c6e-e097-4f17-9efb-8b735b75b0cc\" href=\"https:\/\/opole.pttk.pl\/wp-content\/uploads\/2025\/06\/Ankieta-Przodownika-Turystyki-Kolarskiej-PTTK_2.doc\">Ankieta-PTKol<\/a><a href=\"https:\/\/opole.pttk.pl\/wp-content\/uploads\/2025\/06\/Ankieta-Przodownika-Turystyki-Kolarskiej-PTTK_2.doc\" class=\"wp-block-file__button wp-element-button\" download aria-describedby=\"wp-block-file--media-1a8d2c6e-e097-4f17-9efb-8b735b75b0cc\">Pobierz<\/a><\/div>\n","protected":false},"excerpt":{"rendered":"<p>Nazwisko Imi\u0119 Numer uprawnie\u0144 Bilik Lucjusz 3900 Nagoda Mariola 7518 Sr\u0119bacz Jaros\u0142aw Mateusz 7605<\/p>\n","protected":false},"author":1,"featured_media":0,"parent":0,"menu_order":0,"comment_status":"closed","ping_status":"closed","template":"","meta":{"footnotes":""},"class_list":["post-967","page","type-page","status-publish","hentry"],"_links":{"self":[{"href":"https:\/\/opole.pttk.pl\/index.php\/wp-json\/wp\/v2\/pages\/967","targetHints":{"allow":["GET"]}}],"collection":[{"href":"https:\/\/opole.pttk.pl\/index.php\/wp-json\/wp\/v2\/pages"}],"about":[{"href":"https:\/\/opole.pttk.pl\/index.php\/wp-json\/wp\/v2\/types\/page"}],"author":[{"embeddable":true,"href":"https:\/\/opole.pttk.pl\/index.php\/wp-json\/wp\/v2\/users\/1"}],"replies":[{"embeddable":true,"href":"https:\/\/opole.pttk.pl\/index.php\/wp-json\/wp\/v2\/comments?post=967"}],"version-history":[{"count":12,"href":"https:\/\/opole.pttk.pl\/index.php\/wp-json\/wp\/v2\/pages\/967\/revisions"}],"predecessor-version":[{"id":5047,"href":"https:\/\/opole.pttk.pl\/index.php\/wp-json\/wp\/v2\/pages\/967\/revisions\/5047"}],"wp:attachment":[{"href":"https:\/\/opole.pttk.pl\/index.php\/wp-json\/wp\/v2\/media?parent=967"}],"curies":[{"name":"wp","href":"https:\/\/api.w.org\/{rel}","templated":true}]}}